).
11
Let f(i) = -4*i**3 + 7*i**2 + 12*i - i**2 - 6*i - 11*i. Let r(l) = -l**3 - l**2 + l. Let n(t) = -f(t) - 5*r(t). What is n(1)?
8
Let z(i) be the third derivative of 73*i**4/24 + 2*i**3/3 - 4*i**2 + i - 112. Calculate z(-1).
-69
Suppose 3*b = -36*m + 39*m, -30 = -15*b. Let l(h) = -47*h + 6. Give l(m).
-88
Let s(m) be the first derivative of m**2/2 + 5*m - 14. Let y(a) = -a - 15. Let f be y(-12). What is s(f)?
2
Let h = -629 - -635. Let m(l) = 13*l - 3 - 9*l - h*l + 3*l. What is m(9)?
6
Let u be (-2)/45 + 106399/(-4635). Let n(m) = -m - 18. Give n(u).
5
Let o(l) = l**3 + 8*l**2 + 5*l + 15. Let w be (0/(-10) - 7 - -11)*-2. Determine o(w).
-25
Let t be 24/14*294/28. Let f(u) be the first derivative of t*u - 10 + 17 - 21*u + 3*u**2. Determine f(2).
9
Let y(p) = -p**2 - 8*p - 2. Let x(f) = 2*f**2 - 15*f - 1. Let m be x(8). Suppose -1742 = m*i + 6*i. Let a = i - -130. Determine y(a).
14
Let r(u) = 15*u - 9. Let v be ((-10)/(-4))/(((-49)/14*1)/(-7)). What is r(v)?
66
Let q = -1 + -3. Let s(a) be the first derivative of -3*a - 5/2*a**2 + 11. What is s(q)?
17
Let w(z) = -253*z + 764. Let x be w(3). Let j(m) = 7*m - 21. Let t(h) = 3*h - 10. Let r(n) = 4*j(n) - 10*t(n). Determine r(x).
6
Let j(p) be the second derivative of 1/2*p**2 + 38*p + 4/3*p**3 - 1. Let f be (-2)/(-2) - (1 - 1). What is j(f)?
9
Suppose -10*i = x - 13*i - 82, 0 = -4*i + 16. Suppose 101*z - x*z = 35. Let l(o) = o + 2. What is l(z)?
7
Suppose 36*r + 72 = 30*r. Let h be (5/(-3))/((-1)/3). Let j(y) = 7 - 6*y - 4 - 10 + h*y. What is j(r)?
5
Let k(r) = 67 + 15 - 7799*r + 13 + 7824*r. What is k(-5)?
-30
Let v(l) be the second derivative of 3*l**3/2 + 2*l**2 + 780*l. Calculate v(-4).
-32
Let x(w) = w**3 + 11*w**2 + w + 10. Let p be -4 - (4 + 1 - (-57 - -17)). Let a = -60 - p. What is x(a)?
-1
Let l(x) = x**2 - 2*x + 8. Suppose 1939 = 3*b + i + 282, b - 543 = -5*i. Let c = 559 - b. What is l(c)?
32
Let p be (-14 - 1)*(5 - 9 - 1). Let k = -78 + p. Let l(u) be the first derivative of -u**4/4 - 2*u**3/3 + 3*u**2/2 - 4*u + 1. Calculate l(k).
-4
Let c be (-4)/(-14) - (-210)/(-735). Let v(l) = -l**3 - 2*l. Give v(c).
0
Let t = 349 - 352. Let u(x) = -x**3 + 18*x**2 - 7*x - 13. Let p(n) = -n**3 + 16*n**2 - 8*n - 13. Let a(q) = t*p(q) + 2*u(q). Calculate a(11).
2
Let w be (-4)/(-2) + -5*1. Let s(f) be the second derivative of -10 + 3/2*f**2 + 1/6*f**3 + 9*f. Calculate s(w).
0
Let r(h) = 97*h + 99*h + h**2 - 4 + 99*h - 293*h. Suppose 4 - 20 = 4*f. Calculate r(f).
4
Let s(m) = m + 6. Let v = -331 + 333. Let u(i) be the third derivative of -i**4/8 - 2*i**3 - 2*i**2. Let l(g) = v*u(g) + 5*s(g). Calculate l(8).
-2
Let h(n) = -9*n + 166. Let q(m) = -43*m - 3766. Let a be q(-88). Give h(a).
4
Suppose -64*v = -54*v - 120. Let m = v - 6. Let b(p) = p**3 - 8*p**2 + 10*p. What is b(m)?
-12
Let t(g) = g**3 - 4*g**2 - 8*g - 2. Let c(n) = n**3 - 4*n**2 - 8*n - 1. Suppose -19*k + 24*k + 25 = 0. Let r(v) = k*c(v) + 4*t(v). Determine r(6).
-27
Let g(t) = 8*t**2 - 206*t + 187*t - 20*t**2 - 21 - 3*t**2 + 14*t**2. Give g(-14).
49
Let z(p) = 4*p**2 - 2*p + 1. Suppose 0 = -8*c - 19 + 3. Let d be ((-3)/(-3) + 15)*(2 - c). Let i = 65 - d. Determine z(i).
3
Let c(r) be the second derivative of -r**5/20 - 13*r**4/12 - r**3/3 - 12*r**2 + 86*r + 8. Determine c(-13).
2
Let k(x) = 1140 + 1140 + 4*x + 1071 - 3391. Give k(21).
44
Let l be 1 - (0 + 1/(-1)). Let r(y) = -2*y + 172. Let a(h) = 16*h - 1034. Let z(v) = a(v) + 6*r(v). What is z(l)?
6
Let w be (-630)/54 + 11 - (-2 - (-32)/6). Let j(k) = k**3 - 3*k**2 - 8*k + 5. Give j(w).
-75
Let d = -14143 + 14149. Let p(h) = h**3 - 7*h**2 + h + 27. Give p(d).
-3
Let z(m) = -m**3 + 6*m**2 + 4*m + 10. Let w(c) = c + 36. Let d be w(10). Suppose 5*k - d = -3*q, -2*q + 34 = k + 15. Determine z(q).
-11
Let u(n) = 8*n + 215. Suppose -5*q - 5*l = 17 + 133, 0 = 4*l + 12. What is u(q)?
-1
Let v(j) be the third derivative of j**6/120 - j**5/15 - 3*j**4/8 - j**3/3 - 2005*j**2 + 2. What is v(-2)?
-8
Let g(s) = s**2 + s + 2. Let t(j) = j**3 + j**2 + 2*j + 7. Let i(n) = 8*g(n) - t(n). Calculate i(8).
-7
Let d(x) = -39*x + 9. Let l(s) = 31*s - 7. Let b(o) = -4*d(o) - 5*l(o). What is b(4)?
3
Let a(r) be the second derivative of r**3/2 - 63*r**2/2 - 658*r + 2. What is a(22)?
3
Let q(s) = -s**3 + 14*s**2 - 18*s + 67. Let w = 5299 - 5286. Calculate q(w).
2
Suppose 15 = -5*x, -4*a - 5*x = -3*x + 14. Let f(o) = 2*o**3 - o**2 + 3. What is f(a)?
-17
Let c be (90/7)/(-9)*-7. Suppose -14*u - c*u + 72 = 0. Let a(d) = 2*d**2 - 4*d. Determine a(u).
6
Let m(r) = 33*r**2 + r. Let x(z) = -164*z**2 - 30*z + 45. Let t(n) = 5*m(n) + x(n). Give t(23).
-1
Let y(c) = -4*c**2 + 20*c - 23. Let m(l) be the third derivative of l**5/12 - 7*l**4/8 + 29*l**3/6 + 10*l**2 - 3*l. Let z(v) = 3*m(v) + 4*y(v). What is z(17)?
-5
Let k(t) = -t. Let j(g) = -10*g**2 + 22 - 5*g**2 + 8*g**2 + 6*g**2 + 2*g. Let a(l) = -j(l) + 4*k(l). Determine a(9).
5
Let c(y) be the second derivative of y**4/12 + 3*y**3/2 + 9*y**2/2 + 78*y + 1. Let s be (-3)/(-5) + (-129)/15. Determine c(s).
1
Let r = 178 + -183. Let c(f) = 6*f**3 - 9*f**2 + 12*f + 8. Let a(l) = -7*l**3 + 9*l**2 - 13*l - 8. Let z(w) = r*a(w) - 6*c(w). Calculate z(8).
0
Let x(d) = -d**3 + 2*d**2 + d - 18. Suppose -540*v = -535*v. Calculate x(v).
-18
Let f be (9 + -6)/(4*18/96). Let j(i) = 358*i**2 - 179*i**2 - f - 182*i**2 + 4*i + i**3. What is j(3)?
8
Let v(x) be the third derivative of -1/12*x**4 + 0*x - 1/120*x**6 - 2/15*x**5 + x**2 + 0 - 1/2*x**3. Suppose 0 = 3*i + 65*l - 69*l + 24, -3*l = 0. Give v(i).
13
Let l(p) = 74 - p + 78 + 76 - 216. Let n be 6/(-42) - (-57)/7. Determine l(n).
4
Let i(d) = d**3 - 4*d**2 - 3*d - 6. Let a(h) = -h**2 + 65*h + 5. Let b be a(0). Determine i(b).
4
Suppose 29*f = 12*f + 2*f - 225. Let z(a) = -a**2 - 15*a - 13. What is z(f)?
-13
Let p(j) = j**3 + 6*j**2 - 11*j - 20. Let u be p(-7). Suppose -11*l + 3 + u = 0. Let k(i) = 6*i**2 + i - 1. Calculate k(l).
6
Let a = -38 - -43. Suppose 3*f + 23 = a*k, -16 = -9*k + 4*k - 4*f. Let h be 0/(1/(-3) - k/6). Let z(c) = c - 7. Calculate z(h).
-7
Suppose -484 = u - 5*u - 4*x, -2*x + 593 = 5*u. Suppose p - u = 2. Suppose -121*t + p*t = 14. Let a(l) = l**2 + 6*l - 6. Give a(t).
1
Let x(b) = 0*b**2 + 3*b**2 - b + 1410*b**3 - 1409*b**3 - 3*b. Let y be (-8)/2*(-2 - -3). Determine x(y).
0
Let z(j) = 4*j**2 + j + 19. Let l(c) = 3*c**2 + 18. Suppose -101 + 93 = 2*n. Let k(h) = n*z(h) + 5*l(h). Determine k(-6).
2
Suppose -24 = -s + 4*s. Let h(i) = -i - 1. Let o be h(s). Let w(j) be the second derivative of j**4/12 - 11*j**3/6 + 5*j**2/2 + j. Give w(o).
-23
Let m = -307 - -314. Let s(p) = -2*p + p - 4*p - 14 + m*p. What is s(10)?
6
Let g(d) = -6*d - 8. Let m = -5078 - -5072. Calculate g(m).
28
Let f(w) = -5*w + 2. Let l = 9335 - 9321. What is f(l)?
-68
Let t(v) = -v**2 - 12*v + 10. Let q be t(-13). Let a be (-3)/q + 7 + (-2 - 0). Let p(l) = -3 + a + l**2 + 6*l + 3. Give p(-5).
1
Let v(m) = m**2 + 6*m - 7. Let s(t) = 2*t**3 + 11*t**2 + 26*t - 15. Let f be s(-6). Let g = -214 - f. Determine v(g).
0
Let y(i) be the first derivative of 7*i**4/2 - 33040. Let w be ((-4)/(0 + 2))/2. What is y(w)?
-14
Let o be 3/5 - 26/10. Let g(c) be the third derivative of 0*c**3 + 0*c - 26*c**2 + 0 + 1/60*c**5 - 1/24*c**4. Give g(o).
6
Suppose 54*p - 492 = -546. Let f(r) = -79*r**3 + 2*r**2 - 7*r - 8. Give f(p).
80
Let l = -176 + 179. Let y(m) = -12*m + m**2 - m**l + 13*m + 1 + 0*m**2. Calculate y(2).
-1
Let w = 73 - 71. Let r(u) = 9*u**w + 4*u**2 + 63*u**3 - 8*u**2 + 6 + 7*u - 62*u**3. What is r(-4)?
-6
Let q be (0 - (-1 - 1)) + -11. Let l be (-3)/q*(-90)/6. Let t(v) be the first derivative of v**4/4 + 5*v**3/3 + 2*v + 35. What is t(l)?
2
Let t(o) be the first derivative of -o**2/2 + 18*o - 4613. Determine t(25).
-7
Let x(j) be the second derivative of j**3/6 + 7*j**2/2 + j. Let q = -28 + 24. Let s(v) = v - 5. Let u be s(q). Calculate x(u).
-2
Suppose 26 = 5*k + 4*r, -33*k + 4*r = -35*k + 8. Let d(q) = -5*q + 13. Calculate d(k).
-17
Let b = 12231 + -12208. Let f(u) be the third derivative of -1/6*u**4 + 0*u + 0 - 1/60*u**5 - 1/6*u**3 + b*u**2. What is f(-5)?
-6
Let s be 4*(-38)/57*279/(-8). Let g(w) = -91 - s - 86 - 2*w + 258. Let q be 1/1 + -10 + 1. What is g(q)?
4
Let u(c) = -c**2 + 19*c + 8. Let v(z) = -2*z**2 + 206*z - 5280. Let p be v(50). 